 a composite number?
True
Is 12209 composite?
True
Is 721457 a composite number?
True
Is 63277 a prime number?
True
Is 68399 a prime number?
True
Is 493 a composite number?
True
Is 8453 prime?
False
Is 25274 a prime number?
False
Is 324667 a composite number?
True
Is 118977 prime?
False
Is 37441 a composite number?
False
Is 50035 a composite number?
True
Is 55882 composite?
True
Is 144147 composite?
True
Is 728165 composite?
True
Is 488603 a composite number?
False
Is 261283 prime?
False
Is 606017 composite?
False
Is 15461 prime?
True
Is 5578 a prime number?
False
Is 7411 composite?
False
Is 17401 a composite number?
False
Is 1803 composite?
True
Is 713879 a prime number?
False
Is 8387 a prime number?
True
Is 6238 prime?
False
Is 60209 a prime number?
True
Is 1439 composite?
False
Is 1399 composite?
False
Is 7031 a composite number?
True
Is 1361 prime?
True
Is 8147 composite?
False
Is 13577 a composite number?
False
Is 365659 a composite number?
True
Is 6733 composite?
False
Is 1741 a composite number?
False
Is 629 prime?
False
Is 934793 a prime number?
True
Is 1171 composite?
False
Is 7393 composite?
False
Is 6739 prime?
False
Is 179897 prime?
True
Is 9239 a composite number?
False
Is 51967 a composite number?
True
Is 4487 composite?
True
Is 1115 prime?
False
Is 30143 composite?
True
Is 307 a composite number?
False
Is 129 prime?
False
Is 2305949 a prime number?
True
Is 180413 a prime number?
True
Is 17519 a prime number?
True
Is 177407 a prime number?
False
Is 81109 a composite number?
True
Is 15661 a prime number?
True
Is 688939 composite?
False
Is 28619 composite?
False
Is 2837 composite?
False
Is 2722 prime?
False
Is 364033 a composite number?
True
Is 474479 a composite number?
False
Is 5259 composite?
True
Is 198277 a composite number?
False
Is 6197 a prime number?
True
Is 19661 prime?
True
Is 119303 composite?
True
Is 891745 a prime number?
False
Is 259 composite?
True
Is 143357 composite?
False
Is 5087 prime?
True
Is 4007 composite?
False
Is 1509782 composite?
True
Is 49909 a prime number?
False
Is 36317 a composite number?
True
Is 20689 composite?
True
Is 11179 a prime number?
False
Is 1138579 a composite number?
True
Is 1343 a prime number?
False
Is 48613 prime?
False
Is 36329 composite?
True
Is 10193 a prime number?
True
Is 1931 a prime number?
True
Is 785801 composite?
False
Is 6193 prime?
False
Is 2479 a prime number?
False
Is 11369 a composite number?
False
Is 431839 a prime number?
False
Is 1291861 prime?
True
Is 919 composite?
False
Is 314393 composite?
True
Is 12895 a composite number?
True
Is 193462 a composite number?
True
Is 989 prime?
False
Is 50821 a prime number?
True
Is 20011 prime?
True
Is 3503 composite?
True
Is 241105 a prime number?
False
Is 31687 prime?
True
Is 190963 a prime number?
False
Is 17539 a composite number?
False
Is 73699 a prime number?
True
Is 89261 prime?
True
Is 97067 a prime number?
False
Is 77807 a composite number?
True
Is 11851 prime?
False
Is 916703 composite?
False
Is 310235 a prime number?
False
Is 10837 composite?
False
Is 464903 a prime number?
False
Is 144629 composite?
False
Is 44171 a prime number?
True
Is 40307 prime?
False
Is 5899 a composite number?
True
Is 17197 a composite number?
True
Is 132413 a prime number?
False
Is 322997 prime?
True
Is 151337 a prime number?
True
Is 184154 composite?
True
Is 2483273 composite?
True
Is 66643 a composite number?
False
Is 154537 composite?
True
Is 116561 prime?
False
Is 4327 a prime number?
True
Is 118439 a composite number?
True
Is 180571 prime?
False
Is 474749 a composite number?
True
Is 11671 composite?
True
Is 311915 a prime number?
False
Is 86537 composite?
True
Is 70199 a composite number?
False
Is 1716389 a prime number?
True
Is 85 a composite number?
True
Is 7765 prime?
False
Is 108839 prime?
False
Is 21743 a prime number?
False
Is 88289 a composite number?
False
Is 6938 a prime number?
False
Is 1165787 prime?
False
Is 76085 composite?
True
Is 68633 a prime number?
True
Is 20569 composite?
True
Is 179623 a prime number?
True
Is 7751 composite?
True
Is 4547 a prime number?
True
Is 56981 composite?
True
Is 192217 a composite number?
True
Is 38953 a prime number?
True
Is 61267 a composite number?
True
Is 273107 a prime number?
True
Is 140159 a prime number?
True
Is 509318 a composite number?
True
Is 2195 a prime number?
False
Is 27733 prime?
True
Is 25195 prime?
False
Is 45683 a composite number?
True
Is 1369 composite?
True
Is 2429 prime?
False
Is 5207 a prime number?
False
Is 1079717 composite?
False
Is 434157 a composite number?
True
Is 72679 a prime number?
True
Is 9613 a prime number?
True
Is 56237 a composite number?
False
Is 443 composite?
False
Is 377167 a prime number?
False
Is 8419 prime?
True
Is 28789 prime?
True
Is 9311 a composite number?
False
Is 18247 prime?
False
Is 29966 a prime number?
False
Is 997327 a composite number?
False
Is 6739 composite?
True
Is 77761 composite?
False
Is 28907 a prime number?
False
Is 193433 composite?
False
Is 57467 composite?
False
Is 828637 a composite number?
False
Is 82483 prime?
True
Is 1949 a composite number?
False
Is 253633 prime?
True
Is 382105 composite?
True
Is 79661 a composite number?
True
Is 636593 prime?
False
Is 2631 composite?
True
Is 142089 a composite number?
True
Is 18329 a composite number?
False
Is 2569277 a composite number?
True
Is 2503 prime?
True
Is 1973087 composite?
False
Is 2533 composite?
True
Is 889 composite?
True
Is 103 a prime number?
True
Is 114326 composite?
True
Is 19031 a prime number?
True
Is 5879 a composite number?
False
Is 19802 a prime number?
False
Is 22423 prime?
False
Is 1688905 a composite number?
True
Is 478567 prime?
False
Is 616261 composite?
False
Is 387707 a prime number?
True
Is 2098673 prime?
True
Is 272603 a prime number?
True
Is 128719 prime?
False
Is 2237 a prime number?
True
Is 61057 a prime number?
True
Is 4511 a composite number?
True
Is 77317 a prime number?
True
Is 110681 prime?
True
Is 469 prime?
False
Is 40093 prime?
True
Is 31867 a prime number?
False
Is 2371 a composite number?
False
Is 273895 a composite number?
True
Is 282959 a prime number?
True
Is 20863 prime?
False
Is 573 composite?
True
Is 6187741 a prime number?
False
Is 960271 a prime number?
False
Is 21713 a composite number?
False
Is 807539 a prime number?
True
Is 121773 prime?
False
Is 172583 a composite number?
False
Is 63887 a composite number?
True
Is 76561 a prime number?
True
Is 34811 a composite number?
True
Is 64187 composite?
False
Is 397351 a composite number?
False
Is 19259 prime?
True
Is 82129 a prime number?
True
Is 139429 a composite number?
False
Is 11597 prime?
True
Is 6449 a prime number?
True
Is 673 a prime number?
True
Is 745 prime?
False
Is 87866 a prime number?
False
Is 45363 prime?
False
Is 9839 prime?
True
Is 45947 a composite number?
True
Is 9599 a prime number?
False
Is 27883 prime?
True
Is 31357 prime?
True
Is 29663 a prime number?
True
Is 14057 prime?
True
Is 194765 prime?
False
Is 923 composite?
True
Is 1064845 composite?
True
Is 7897 a prime number?
False
Is 1077991 a composite number?
True
Is 1693 a prime number?
True
Is 3979 prime?
False
Is 1312241 a prime number?
False
Is 356621 composite?
False
Is 3359 prime?
True
Is 31469 composite?
False
Is 14114 a prime number?
False
Is 1315 composite?
True
Is 155269 composite?
False
Is 28318 composite?
True
Is 889829 a composite number?
False
Is 18623 a prime number?
False
Is 20413 a prime number?
False
Is 18527 composite?
True
Is 666001 prime?
False
Is 71081 a prime number?
True
Is 32699 prime?
False
Is 55235 composite?
True
Is 153397 a composite number?
True
Is 159441 a prime number?
False
Is 15623 a prime number?
False
Is 110969 prime?
True
Is 1087129 a prime number?
True
Is 36871 prime?
True
Is 2533499 a composite number?
False
Is 2233045 composite?
True
Is 75253 composite?
False
Is 39982 a composite number?
True
Is 1907669 a prime number?
True
Is 11351 a prime number?
True
Is 62273 a prime number?
True
Is 440641 prime?
True
Is 15937 a composite number?
False
Is 153241 a prime number?
False
Is 3188239 a prime number?
True
Is 9974 prime?
False
Is 38679 prime?
False
Is 321611 composite?
False
Is 1175377 a composite number?
True
Is 32957 composite?
False
Is 63949 prime?
True
Is 17849 a prime number?